hat is c + 14?
20
In base 11, what is 59 - 14?
45
In base 7, what is 1 + 35?
36
In base 5, what is -2431 - 1?
-2432
In base 8, what is 3 - -10?
13
In base 10, what is 40 + 5?
45
In base 9, what is 1721 - -4?
1725
In base 7, what is 11 - -45?
56
In base 5, what is -3003 - 12?
-3020
In base 4, what is -10 + 1302?
1232
In base 9, what is 376 + 2?
378
In base 15, what is 4 - 1a?
-16
In base 4, what is 20301 + 122?
21023
In base 8, what is -14 + 241?
225
In base 5, what is 42 + 21?
113
In base 4, what is -22 + 10222?
10200
In base 6, what is 501 - 3?
454
In base 6, what is 10 + 5102?
5112
In base 4, what is 11 + 1333?
2010
In base 13, what is 64a + -3?
647
In base 3, what is 101 + 1001?
1102
In base 9, what is 5 + 281?
286
In base 14, what is -566 - 0?
-566
In base 14, what is -1 + -3247?
-3248
In base 3, what is -1202 - 1?
-1210
In base 4, what is 0 + -31?
-31
In base 14, what is 29 - 5?
24
In base 3, what is -10 - -2210?
2200
In base 9, what is 2 - -533?
535
In base 13, what is 4 - 121?
-11a
In base 12, what is -63 - 0?
-63
In base 4, what is -3 - 20?
-23
In base 12, what is 224 + -5?
21b
In base 8, what is 13 + 4?
17
In base 15, what is 0 - 1?
-1
In base 6, what is -15 + -1335?
-1354
In base 11, what is 3 - -155?
158
In base 14, what is -70 - -3?
-6b
In base 10, what is -160 + 0?
-160
In base 5, what is -10 + -234?
-244
In base 8, what is -264 + -1?
-265
In base 3, what is 21 - -1012?
1110
In base 2, what is -10001011 - -1010110?
-110101
In base 2, what is -1 - 100101010?
-100101011
In base 5, what is 3 - -201?
204
In base 4, what is -3331 + -11?
-10002
In base 16, what is -4 - -19?
15
In base 7, what is -2333 + 11?
-2322
In base 15, what is 590a + -3?
5907
In base 6, what is -10 + 1454?
1444
In base 3, what is -211102102 + -2?
-211102111
In base 12, what is -1a7 + 1?
-1a6
In base 3, what is 1100022 - -100?
1100122
In base 16, what is 3 + -20?
-1d
In base 8, what is -1 + 112?
111
In base 16, what is 1 + -a0?
-9f
In base 6, what is -223 - 11?
-234
In base 11, what is -24 - -10?
-14
In base 12, what is -982 + 0?
-982
In base 10, what is -3 - 24?
-27
In base 5, what is 3301 - 20?
3231
In base 5, what is -22 + 11?
-11
In base 16, what is 717 - -a?
721
In base 6, what is 42 + 450?
532
In base 10, what is -1 - -32?
31
In base 9, what is 28 - -6?
35
In base 3, what is 1 + -1122?
-1121
In base 10, what is 2632 + 3?
2635
In base 12, what is -4 - 162?
-166
In base 14, what is -6 - -a5?
9d
In base 14, what is 3 - 496?
-493
In base 9, what is 40 + 25?
65
In base 9, what is -36807 - 4?
-36812
In base 15, what is -9 - b?
-15
In base 10, what is -1 - 1796?
-1797
In base 7, what is -4214 - 5?
-4222
In base 15, what is 0 - -18b2?
18b2
In base 13, what is -1462 + -2?
-1464
In base 13, what is 10 - 211?
-201
In base 7, what is 11 + 101?
112
In base 7, what is 5 + -30?
-22
In base 5, what is 2 - 10?
-3
In base 11, what is 2 - -436?
438
In base 3, what is -10 + -222002?
-222012
In base 2, what is -101000 + -10?
-101010
In base 12, what is -2 - 12?
-14
In base 5, what is 1014 - -2?
1021
In base 8, what is 61 - 5?
54
In base 3, what is -102 + -12122?
-20001
In base 11, what is 36 - 1aa?
-174
In base 16, what is -34 + e9?
b5
In base 12, what is -123 + 0?
-123
In base 14, what is b - 491?
-484
In base 2, what is -101100000 + -11?
-101100011
In base 11, what is 5 + -2066?
-2061
In base 2, what is -100 - -11100?
11000
In base 12, what is 31 - -b4?
125
In base 9, what is -1 - -2413?
2412
In base 2, what is -1 - -10001001?
10001000
In base 15, what is -46 + 166?
120
In base 10, what is -12 - -17?
5
In base 3, what is 10 - -1101?
1111
In base 5, what is -2034 + -41?
-2130
In base 7, what is 100 - -5?
105
In base 12, what is 71 + 3?
74
In base 7, what is -351 + -24?
-405
In base 10, what is -379 - 4?
-383
In base 3, what is 11 - -2112001?
2112012
In base 15, what is 5 + 12?
17
In base 11, what is 0 + -8?
-8
In base 13, what is -1b2 - 5?
-1b7
In base 4, what is 303 + -1?
302
In base 6, what is -53 - 1?
-54
In base 14, what is -1 - 1?
-2
In base 5, what is 31302 - -3?
31310
In base 11, what is 16 + -162?
-147
In base 12, what is -1b + -140?
-15b
In base 14, what is 1 - a?
-9
In base 7, what is 2 + 515?
520
In base 11, what is -3a66 + 4?
-3a62
In base 9, what is -12 - -4?
-7
In base 7, what is -13 - -44?
31
In base 15, what is -4 - -490?
48b
In base 3, what is -1212211 - -10?
-1212201
In base 8, what is 7 - 241?
-232
In base 2, what is -101 + -1000011?
-1001000
In base 2, what is 1110011100 + -100011?
1101111001
In base 12, what is 44 + 69?
b1
In base 2, what is -100001100110 + 1?
-100001100101
In base 5, what is 2 + 1223?
1230
In base 7, what is -5123 + 2?
-5121
In base 6, what is 4 + -100?
-52
In base 14, what is -1 + 76?
75
In base 13, what is -26 + -3?
-29
In base 4, what is 132 + 1003?
1201
In base 5, what is -3203 + -22?
-3230
In base 14, what is -a + -5d?
-69
In base 16, what is 37 - -7?
3e
In base 8, what is -3 + 167?
164
In base 7, what is -6 - -13?
4
In base 3, what is -20112 + 10?
-20102
In base 2, what is -1100000000 + 0?
-1100000000
In base 11, what is -310 - 21?
-331
In base 3, what is -12202 + 1002?
-11200
In base 9, what is 100 + -4?
85
In base 13, what is 15 - -9?
21
In base 2, what is -10100110 - 11?
-10101001
In base 9, what is -12 - 318?
-331
In base 9, what is 4 - 320?
-315
In base 16, what is -3 - -6e3?
6e0
In base 16, what is 157 - 0?
157
In base 15, what is 5 + 451?
456
In base 10, what is -4 + -2051?
-2055
In base 2, what is 1000 - 10100?
-1100
In base 16, what is -19 + -10?
-29
In base 11, what is -3 - 36?
-39
In base 7, what is -14 + 1126?
1112
In base 14, what is 7 - -225?
22c
In base 7, what is 3 - 20643?
-20640
In base 5, what is -4 - 0?
-4
In base 4, what is 2231 + -3?
2222
In base 10, what is 15023 - -1?
15024
In base 12, what is -4798 + -3?
-479b
In base 14, what is -1b0 + 5?
-1a9
In base 16, what is ae + -12?
9c
In base 8, what is 34 + 11?
45
In base 16, what is 0 - -b?
b
In base 9, what is -675 + 2?
-673
In base 14, what is 29 - 3?
26
In base 9, what is 27 - -5?
33
In base 6, what is -42 - 0?
-42
In base 5, what is -144410 - -3?
-144402
In base 13, what is -4 - -466?
462
In base 15, what is -16 - 123?
-139
In base 9, what is -126 + 15?
-111
In base 7, what is 6 - 56?
-50
In base 8, what is -653 + 14?
-637
In base 8, what is 23552 - 0?
23552
In base 16, what is -1448 - 3?
-144b
In base 2, what is 100 - -1010000?
1010100
In base 11, what is -13 - -9?
-5
In base 15, what is -1 - -4c?
4b
In base 4, what is 102121 - 3?
102112
In base 2, what is 110100110010001 - 0?
110100110010001
In base 3, what is 210 + 220?
1200
In base 13, what is 8 + -13c?
-134
In base 7, what is -34 + 1?
-33
In base 9, what is 335 - 1?
334
In base 10, what is 4 + 415?
419
In base 6, what is 31 + 5?
40
In base 14, what is 121 - -21?
142
In base 6, what is 1 + -120?
-115
In base 3, what is 12010122 + -10?
12010112
In base 12, what is -49 + 12?
-37
In base 3, what is 101020 + 11?
101101
In base 4, what is 321 + 10113?
11100
In base 13, what is -b0 - -1?
-ac
In base 6, what is 5 - -232?
241
In base 5, what is -1041 - 11?
-1102
In base 4, what is 122301 - 0?
122301
In base 11, what is 0 + 59?
59
In base 15, what is -1a + 3d?
23
In base 4, what is 3 + -221030?
-221021
In base 9, what is 248 + -2?
246
In base 9, what is -5 - -48?
43
In base 12, what is -aa - 0?
-aa
In base 7, what is 2 + -2162?
-2160
In base 9, what is 0 + 38?
38
In base 6, what is -35 - 3435?
-3514
In base 10, what is 29 + 34?
63
In base 15, what is -34 + -4?
-38
In base 10, what is -5 + -3816?
-3821
In base 15, what is 2 - b6?
-b4
In base 13, what is -8 - 7?
-12
In base 8, what is 4 + -6?
-2
In base 8, what is 3 + -4?
-1
In base 4, what is -2 + 131?
123
In base 3, what is -120101201 + 10?
-120101121
In base 3, what is 10 - 10220122?
-10220112
In base 14, what is -3 - 231?
-234
In base 2, what is 1000011 + 1111000?
10111011
In base 11, what is 297 - -4?
2a0
In base 11, what is -1 + 1000?
aaa
In base 7, what is -2 + -4005?
-4010
In base 3, what is 2201 + -102?
2022
In base 16, what is -39 - 18?
-51
In base 14, what is -48 + 17?
-31
In base 14, what is -3 - a6?
-a9
In base 14, what is 4 + -53?
-4d
In base 9, what is 3 + 18?
22
In base 16, what is -12 + 2df?
2cd
In base 10, what is -1011 + -2?
-1013
In base 6, wha